 is the highest common factor of r and 2117?
29
Let l(d) = 112*d - 676. Let c be l(16). What is the highest common divisor of 144 and c?
36
Let b be (-14)/133 - 9812/(-76). Suppose -b*h = -142*h + 585. Calculate the highest common divisor of h and 630.
45
Suppose 46*n = 362 + 11071 - 2233. Calculate the greatest common factor of n and 125.
25
Let x = 9012 + -5463. What is the greatest common factor of x and 42?
21
Let r = -7671 - -9633. What is the highest common divisor of r and 436?
218
Suppose -3*q - 2 = -17. Let f(x) = 5*x + q*x**2 + x**2 - 6*x**2 + x**2 - 1. Let b be f(4). Calculate the highest common divisor of b and 7.
7
Let k(z) = -11*z - 22 - 55*z**2 - 63*z**2 + 119*z**2. Let u be k(13). Suppose -j + 3*p + 44 = 0, 2*p - 8 = -u. What is the highest common divisor of j and 30?
10
Suppose 5883*h = 5899*h - 372 - 652. What is the greatest common divisor of h and 19264?
64
Let b(n) = 643*n - 2447. Let y be b(6). Calculate the greatest common divisor of 83 and y.
83
Let c(x) = -3*x - 13. Let n be c(-5). Let p be n - ((-713)/5 + (-32)/80). What is the highest common divisor of 29 and p?
29
Suppose -2*o - 5*w + 104 = 0, 18*o - 5*w - 22 = 17*o. Suppose -o*m = -35*m - 1190. Calculate the greatest common divisor of m and 68.
34
Let h be 1*1/2*10*2. Let f be 12794/h + ((-384)/80)/(-8). Calculate the highest common factor of f and 80.
80
Suppose 5*d = d + 64. Let g = 614 - 380. Let s = g + -162. What is the highest common factor of d and s?
8
Let d be 14 + 0 + 23 - (-3 - (-9 - -4)). Calculate the greatest common factor of 3661 and d.
7
Let o(s) = -1. Let y(k) = -4*k**2 - 4. Let p(u) = 4*o(u) - y(u). Let v be p(-6). Let r be 2*(-7)/(7/(-8)). Calculate the highest common factor of r and v.
16
Let v(j) = -204*j + 237. Let d be v(-10). Calculate the highest common factor of d and 11.
11
Suppose 0 = 2*a + 2*x - 94, -5*x = -56 + 61. Calculate the highest common divisor of 1644 and a.
12
Suppose v = 5*y - 347, 15 = 2*v + 3*v. Let c(j) = 3*j**2 + j - 9. Let h be c(6). Calculate the greatest common factor of y and h.
35
Let l(p) = 1326*p + 6917. Let b be l(-5). What is the greatest common divisor of b and 43050?
287
Suppose -530*v = -543*v + 26. What is the greatest common divisor of 314 and v?
2
Let v(r) = 21*r - 1891. Let m be v(97). What is the greatest common factor of 5183 and m?
73
Suppose 4*u = -3*o - 35, 5*o + 23 + 24 = -u. Let d be (-3 - (3 + o))*(-836)/(-66). Calculate the greatest common factor of 8 and d.
2
Let j be 15*(-3 + (-30)/(-9)). Suppose j*q + 112 = 3*g, 2*q + 26 = 2*g - 54. Calculate the highest common divisor of 154 and g.
22
Let s be (0 - -175) + 3 + ((-40)/(-4) - 10). Calculate the highest common factor of 17088 and s.
178
Let k(i) = 44*i - 126. Let g be k(3). What is the greatest common factor of g and 618?
6
Let s(p) be the third derivative of p**6/120 - p**5/60 - p**4/3 + p**3/3 - 11*p**2 + 3*p. Let u be s(4). What is the highest common factor of u and 63?
9
Let g(j) = -j**3 + 7*j**2 + 85*j + 17. Let s be g(-7). What is the greatest common divisor of 5886 and s?
54
Let r(b) = -b**2 - 151*b - 852. Let p be r(-6). What is the greatest common divisor of 144 and p?
18
Let p = -526 + 860. Suppose -4*j - 175 = -2*o + 53, 3*o - p = -2*j. What is the greatest common divisor of 64 and o?
16
Let c = -5806 + 6048. Calculate the highest common divisor of c and 1782.
22
Let z = -16 - -21. Let f be z*(3 - (-420)/25). Let d = 150 - f. What is the highest common divisor of 17 and d?
17
Let u(w) = -w**2 - 16*w - 1. Let c be u(-18). Let o = c + 40. What is the greatest common divisor of o and 24?
3
Let v(m) = 188*m**2 - m - 31. Let u be v(-3). What is the highest common divisor of 24 and u?
8
Let d be 0/2 + 0 - (-6 - 472). Let f = d + 292. Calculate the highest common factor of 70 and f.
70
Let s(v) = 1031*v - 17. Let z be (-136)/(-85) + (-9)/15. Let k be s(z). Calculate the highest common divisor of k and 26.
26
Let b be -42*((-7)/3 - 0). Let i = -80151 + 80179. What is the greatest common factor of i and b?
14
Let p = 227 + 365. What is the greatest common divisor of p and 3589?
37
Let k be 3*(29/(-7) + -3)/((-114)/266). Suppose 5*b - 1395 = 4*h, -3*h - 290 = -b - 0*b. What is the greatest common divisor of b and k?
25
Suppose h - 346 = -5*n - 3*h, 0 = 4*h - 16. Let r = 129 + n. What is the highest common divisor of 5 and r?
5
Suppose 5*j + 44 = 39. Let y be 22 + j - 13/13. Suppose 2*r - 40 = 2*v - 3*v, -2*v = r - y. Calculate the highest common divisor of r and 50.
10
Let n(h) = 22*h + 105. Let x be n(-5). Let y be (8/x)/(144/(-540)). What is the greatest common factor of y and 222?
6
Let r = -108 + 89. Let m(p) be the first derivative of -p**4/4 - 6*p**3 + 17*p**2/2 - 13*p - 2. Let d be m(r). Calculate the highest common factor of d and 225.
25
Suppose f = -4*v + 80, 2*v = 5*f + 7*v - 355. Let w = 48 - f. Let q be w/6*12/(-8). What is the highest common divisor of 20 and q?
5
Let j be 1 + -1 + 7 + -3. Suppose q + 5*v = 3*q - 96, -j*q - 2*v + 216 = 0. Suppose 5*a - q = 12. Calculate the greatest common divisor of a and 91.
13
Let z = 352 - 218. Let k = 572 - 366. Suppose -k + z = -3*d. Calculate the greatest common divisor of 3 and d.
3
Suppose -35*v - 1038 = -4*m - 33*v, v - 786 = -3*m. Calculate the highest common factor of 9 and m.
9
Let h be ((-52984)/(-740))/(2/80). Calculate the highest common factor of h and 32.
16
Let l = -285 - -412. Let r = l - 125. Suppose -y = 3*n + r*n - 40, -5*n + 4*y = -65. Calculate the greatest common divisor of 72 and n.
9
Suppose 0 = -2*j + 3*d + 554, -29 + 35 = 3*d. What is the highest common divisor of j and 126?
14
Let y(x) = 666*x - 5. Let z be y(-1). Let s = z + 1159. Calculate the highest common divisor of s and 8.
8
Let c = -48283 + 50240. Calculate the highest common divisor of c and 361.
19
Suppose 0 = 7*i - 22 + 8. Suppose 3*o + i*c = 104, o + 0*o - 26 = -5*c. What is the greatest common divisor of 54 and o?
18
Let v = -819 + 875. Suppose v*t = 3332 + 4508. What is the highest common divisor of 105 and t?
35
Let j(r) = 39*r**2 - 2*r + 16. Let c(o) = -116*o**2 + 4*o - 48. Let z(f) = -3*c(f) - 8*j(f). Let u be z(-2). Calculate the greatest common divisor of u and 95.
19
Suppose 0 = w - k - 33 - 27, -5*k = 0. Suppose 2*v - 14 = 4*t, 2*v - 2 + 0 = -2*t. Let z be ((-280)/21)/(t/6). Calculate the highest common factor of w and z.
20
Let o = 1282 + -1207. Let z(a) = -14*a**3 + a**2 - a - 1. Let d(p) = p - 16. Let r be d(15). Let c be z(r). What is the greatest common divisor of c and o?
15
Let w be 11 + (-116)/12 + (-10)/(-6). Suppose -l - 37 = -4*x, -l = -w*x - 4*l + 39. What is the greatest common divisor of x and 18?
2
Suppose -u - 522 = -3*f + 3*u, 5*f - 856 = 2*u. Suppose 0 = 5*a - 4*a - 10. Let s = a + 0. Calculate the greatest common factor of f and s.
10
Let x = -296 - -301. Let y(v) = 10*v - 47. Let p be y(x). What is the highest common divisor of 96 and p?
3
Let j(v) = -v**2 + 3*v - 2. Let w be j(3). Let a be (1/(-2) - w)*6/(-9). Let q be (-1 - -12) + -13 + 12 - a. What is the greatest common divisor of q and 55?
11
Suppose 117 + 81 = 9*q. Calculate the greatest common factor of 1958 and q.
22
Suppose i = -6, 588*i = 2*m + 590*i - 8. Let l = 141 + -101. What is the greatest common factor of m and l?
10
Let i(r) = -r**3 - 17*r**2 - 8*r + 15. Let k be i(-18). Let b = -363 + k. Calculate the greatest common divisor of b and 96.
24
Let z(j) = -j**3 + 5*j + 3. Let y(o) = -4*o**3 + o**2 + 16*o + 10. Let g(x) = -2*y(x) + 7*z(x). Let u be g(4). What is the highest common factor of 15 and u?
15
Suppose -4*i - 415 - 2301 = -2*k, 0 = 2*k + 8. Let c = 695 + i. Let f = -98 + 252. What is the highest common factor of f and c?
14
Suppose 0 = 6*s + 18 + 36. Let u = s + 139. Calculate the greatest common factor of u and 26.
26
Suppose 0 = 5*q - 2*o - 1563, 5*q - 4*q - o = 309. Calculate the highest common factor of q and 2331.
63
Suppose 148*n = 153*n - 1305. Let u = n + -243. Calculate the greatest common factor of 342 and u.
18
Suppose -44*j + 116 = -15*j. Suppose 0 = 3*b - j*q - 30, -b - 2 = -5*q - 23. What is the greatest common divisor of 2 and b?
2
Let i = 25326 - 25212. Calculate the highest common factor of i and 942.
6
Suppose -4*f = -5*f - 8*f. Suppose 4*b - 20 = -5*o, -5*o + 2*b + 2 + 18 = f. Supp